e 18/(-1 - 1) + 1. Let d = -6 - j. Let f(p) be the second derivative of p**4/4 - p**3/2 + p**2/2 - 51*p. Calculate f(d).
7
Suppose 0 = -7*y + 58 - 16. Let p(h) = 14*h - 8*h - 1 - 6 - 4*h. Calculate p(y).
5
Let b(p) = 2*p - 10. Let v be (-208)/(-28) + (-9)/21. Let o(s) be the third derivative of s**4/24 - 5*s**3/6 - 2*s**2. Let k(n) = v*o(n) - 4*b(n). What is k(5)?
0
Let q(c) = -c - 9. Let h(t) = 3*t**2 - 62*t + 34. Let f be h(20). Give q(f).
-3
Suppose -73*h + 38*h = 210. Let r(c) = c + 5. Give r(h).
-1
Let j(z) = -z + 9. Let h(g) be the third derivative of g**4/12 - 5*g**3/3 + 158*g**2. Let d = -2 + 6. Let a(x) = d*j(x) + 3*h(x). Give a(-4).
-2
Let k = 1531 + -1515. Let i(v) = v - 9. What is i(k)?
7
Let y(b) = -2*b - 4*b**2 + 4*b**2 - 4*b**2 - 2 + 3. Suppose -3*o = 3*p + 15, -5*o - 4*p = -3*p + 5. Let w be 8/2 + o + -3. Give y(w).
-5
Suppose -3*a + 19 = 4*o, 64*a - 69*a + 27 = 2*o. Let x(t) = -41*t. Calculate x(o).
-41
Let u(w) = -5*w - 3*w - 7*w + 18*w - 5. What is u(6)?
13
Let a(o) = -73*o**2 + 13*o - 81*o**2 - 83*o**2 + 236*o**2 - 36. Calculate a(6).
6
Let s(w) = 7*w**2 + 17 + 5*w - 4*w**2 - 16 - 2*w**2. Let z be 12/9*6/(-2). Let o(y) = -y**2 - 4*y - 4. Let q be o(z). What is s(q)?
-3
Suppose 32*j = 34*j - 6. Let k(p) = 5*p**2 - 2 - 2 + 42*p**3 - 1 - 2*p - 41*p**j. Give k(-5).
5
Suppose -10*l = 78*l + 1144. Let d(v) = -2*v**2 - 24*v + 31. Give d(l).
5
Let t(l) = l**3 + 4*l**2 - 5*l + 2. Let j be 4/(-3) - (7 + (-44)/6). Let q(s) = 5*s + 1. Let v be q(j). Determine t(v).
22
Let w(h) = -h. Let f be w(-1). Let y(c) = c - 2*c**2 - 63550 + 63550 + 0*c + 8*c**3. Give y(f).
7
Let m be ((-12)/(-30))/((-1)/(-5)). Suppose y + m + 1 = 0. Let j(s) = -4*s - 1 - s**2 - s**3 + s**2 - 4*s**2. Calculate j(y).
2
Suppose 23 = -5*r + 2*u, 2*r + u + 6 = r. Let w be (-2)/r - (-18)/5. Let p(y) be the first derivative of -y**3/3 + 3*y**2/2 - 5*y - 811. What is p(w)?
-9
Let v(o) = 9*o + 3*o - o**2 - 5*o. Let j = -19 - -24. Calculate v(j).
10
Suppose 0 = -7*s + 57 - 15. Let q be 5 + (0 - 0 - 1). Let w(c) = c**3 - 9 + 3 + q*c - 7*c**2 + 5*c. Determine w(s).
12
Suppose 2*t - 102 + 98 = 0. Let q(x) = -x**2 - 5*x + 6*x - 4 + t - 5*x. Calculate q(-5).
-7
Let u = -130 - -83. Let a = -69 - u. Let m = a - -17. Let p(f) = f**3 + 6*f**2 + 3*f - 6. Calculate p(m).
4
Let g be (-99)/(-18) + 6/(-4). Let f(p) = p**3 - 3*p**2 - 6*p + 4. Calculate f(g).
-4
Let g(w) be the second derivative of 2*w + 0 - w**2 - 1/3*w**3. Determine g(2).
-6
Let n(w) = -5 - 17*w + 20*w - 31 - 12 + 9. Calculate n(15).
6
Let h(s) = s**3 - 13*s**2 + 12*s + 2. Let k be h(12). Let d(r) = -4*r + 1. Calculate d(k).
-7
Let a be (-2)/7 - 220/(-35). Suppose -5*p + 9 = -a. Suppose -2*y + l + 3*l = 2, -p*l - 1 = -y. Let m(k) = k**3 + 6*k**2 + 6*k - 5. Calculate m(y).
-10
Let h(q) be the second derivative of -q**3/6 + 9*q**2/2 - q + 68. Determine h(-8).
17
Let a(c) = -4*c - 95. Let f be a(-25). Let u(g) = -2*g - 6. Give u(f).
-16
Let s = 573 + 96. Suppose -6*v + s = 21. Let g(a) = -a - 108 + v. Determine g(-1).
1
Let n(s) be the third derivative of s**4/6 + 25*s**3/6 - 232*s**2. Determine n(-7).
-3
Let t(a) = a**2 - 6*a + 4. Let p be 8/(-7)*(-105)/30. Suppose 0 = 8*w - p*w + 3*g - 32, 2*w - 4*g + 6 = 0. Determine t(w).
-1
Let g(i) = -26*i - 26. Let x be g(-1). Let w(b) be the third derivative of 1/6*b**3 + 0 + x*b + 1/60*b**5 - 1/8*b**4 - b**2. What is w(2)?
-1
Let p = 47 + -20. Suppose 8*a + p = -a. Let h(t) = 4*t**2 + 5*t + 2. Give h(a).
23
Let o(i) = -7*i - 11 + 7*i**2 + 2*i - i**3 + 0*i**3 + 0. Let w be o(6). Let q(r) = r**2 + 4*r. Give q(w).
5
Suppose -r + 486 - 494 = 0. Let f(x) = x + 12. Calculate f(r).
4
Let k(c) = 6*c**2 - c. Let b be 3/(-2)*24/(-9). Suppose -r + b = 3*r. Determine k(r).
5
Let p(o) = o + 3. Let j(i) = 3*i + 7. Let t(m) = -2*j(m) + 5*p(m). Suppose -8 = -2*q + 6*q. Let a(w) = 2*w**2 + 4*w + 3. Let h be a(q). What is t(h)?
-2
Let a be (-12)/54 - (104/18 + -1). Let s(b) = 4*b**2 + 22*b + 4. What is s(a)?
-6
Suppose 13*o - 14 = -105. Let c(y) = -y**2 - 6*y. Calculate c(o).
-7
Let o(b) be the first derivative of -b**4/12 + 5*b**3/6 + 11*b**2/2 + 18. Let p(y) be the second derivative of o(y). Give p(4).
-3
Suppose -3*k = -5*v + 53 - 41, 4*k = -4*v - 16. Let d(r) be the third derivative of -r**6/120 - r**5/60 - r**4/24 - 13*r**3/6 + r**2. What is d(v)?
-13
Suppose 5*j = 4*i + 30, 45*j - 28 = 4*i + 41*j. Let l(u) = -u**2 - 5*u - 3. Give l(i).
-3
Let v be 12/(-15)*(-25)/10. Let b(u) = -6*u + 0*u + 0 - 4 - u - 2*u**v. Let f(n) = n - 4. Let x be f(0). Calculate b(x).
-8
Suppose -3*u + 2 = -2*x + 7*x, 2*u = -4*x + 2. Let t(k) = -15*k - 1. Calculate t(x).
-16
Let m = 8101/60 - 135. Let j(r) be the third derivative of 0 - 7/24*r**4 - 7*r**2 + 0*r - m*r**5 - 1/6*r**3. Give j(-6).
5
Let q = 15 - 11. Suppose v + q*v = 0. Suppose 4*i - 20 + 16 = v. Let y(a) = -6*a**2. What is y(i)?
-6
Let j(k) = -k**2 - k - 2. Suppose 0 = -t - 6 + 1. Let i(m) = -m - 1. Suppose -2*g - 2*b = -g + 5, -3*g + 3*b + 12 = 0. Let s(v) = g*j(v) + t*i(v). Give s(5).
-2
Let o be (11/33)/((-1)/(-27)). Let i = 0 - -3. Let q(g) = -g - 9 + o - i. Calculate q(-3).
0
Let r(c) be the third derivative of 0*c - 1/6*c**3 + 1/10*c**5 + 3*c**2 + 1/120*c**6 - 1/24*c**4 + 0. What is r(-6)?
5
Let a be 1/4 + 16/(-64). Suppose -3*p + 3*o - o - 4 = a, 5*o = 25. Let c(f) = 3*f + 1. What is c(p)?
7
Let v(p) = -1551 - 10*p + 793 + 758. Let j be (2/4)/(1/(-2)). Determine v(j).
10
Let n(s) be the first derivative of -s**4/12 - 7*s**3/6 + s**2 + 3*s - 17. Let z(g) be the first derivative of n(g). What is z(-6)?
8
Let x(s) = s**3 + 6*s**2 + 5*s - 7. Let u(a) = a + 32. Let l be u(-22). Suppose 0 = -r + 5 - l. What is x(r)?
-7
Let f(n) = 3*n**3 + n**2 + 4. Let c(q) = -11*q**3 - 4*q**2 - q - 12. Let r(i) = 2*c(i) + 7*f(i). Give r(0).
4
Let r(k) = -3*k**2 - 3*k + 1. Let n be r(-2). Let h(s) = -s + 0 - 5 - 1 + 4. Calculate h(n).
3
Let w(m) = -m**2 - 3*m. Let h = 240 - 121. Let r be (-3)/(-7) - 765/h. Give w(r).
-18
Let k(u) = 4*u**2 - 2*u + 3. Suppose -4*p + 20 = 5*c - 2, -2*p + 6 = 0. Calculate k(c).
15
Let w(t) be the third derivative of -t**4/6 - 13*t**3/3 + 186*t**2 + 1. Give w(-9).
10
Let g(o) be the second derivative of -o**4/12 + 7*o**3/6 - o**2 - o. Let l = -22 - -28. Let w be g(l). Let n(r) = -r**2 + 4*r - 2. What is n(w)?
-2
Let f(g) be the first derivative of -5*g - 9 - 1/2*g**2. Give f(-9).
4
Let y(r) = 5*r**3 + 13*r**2 - 46*r - 25. Let k(j) = j**3 + 3*j**2 - 9*j - 5. Let o(l) = 11*k(l) - 2*y(l). Calculate o(-8).
-13
Let k be -1 - (4 + -6)/(1/2). Let v be (k + (-35)/15)/((-2)/(-24)). Let a(r) = -r**3 + 7*r**2 + 8*r + 3. Calculate a(v).
3
Let q(g) = g**2 - 3*g - 3. Suppose -j = -2*j + 1, 3*p = -4*j + 118. Suppose v - p = -v + 2*u, v - 3*u = 17. Suppose 8 = 4*c + v, -m - 4*c = 14. Give q(m).
7
Suppose -5*h + 32 - 12 = 0. Let g = -10 + h. Let b(q) = -4*q - 7. What is b(g)?
17
Let z = -4 - 0. Let w be 1*(-5 - (-9 + 0)). Let l(u) = -4*u**3 - w*u**3 - 6 + 5*u**2 + 9*u**3 + 3 + 3*u. Determine l(z).
1
Let x(h) = -2*h**3 - 6*h**2 - 15*h + 9. Let p(n) = -3*n**3 - 8*n**2 - 22*n + 14. Let a(v) = 5*p(v) - 8*x(v). Determine a(-7).
-23
Let t(o) = -o**2 - 3*o + 13. Let m be t(2). Let u(s) = -s**3 + 5*s**2 - 13. Calculate u(m).
5
Let q(j) = 3*j - 15. Let v be q(6). Let k(b) = 2 + 2*b + v + b - 4. Determine k(1).
4
Let n(h) = h**3 - 2 + h**2 + 1 + 0*h**2 - h. Suppose 0 = -2*a - 16 + 8, 3*a = -5*j - 17. Determine n(j).
0
Let r(w) be the third derivative of w**6/40 + w**5/60 + w**3/6 + 36*w**2. Give r(-2).
-19
Let r(x) be the second derivative of x**5/20 - x**4/6 + x**3/3 + x**2/2 - 6258*x. Suppose -5*j + j = -12. Calculate r(j).
16
Let f(x) = -3*x**2 - 14*x + 2*x**2 + 2 + 4*x - 3*x**2 + 6*x**2. Give f(4).
-6
Let h(p) be the first derivative of -1/2*p**3 - 2*p**2 + 4 + 1/12*p**4 + 0*p. Let u(z) be the second derivative of h(z). Determine u(2).
1
Let o(q) = -q**3 - 6*q**2 + 5*q - 9. Let z = -13 + 14. Let k be -17 - z - (-1 - 2). Let y = k + 8. What is o(y)?
5
Let n(j) = -5*j**2 + 3*j - 4. Let o(p) = -11*p**2 + 5*p - 10. Let r(u) = -13*n(u) + 6*o(u). What is r(-7)?
6
Suppose -30*b - 109 = 161. Let h(g) = -2*g**2 - 20*g + 3. Calculate h(b).
21
Let d(m) = m**2 - 4*m + 3. Suppose 0 = -0*j + j - 27. Suppose a - j = 3*f - f, -3*a - f + 53 = 0. Suppose a = -5*s - 6, -5*q + 2*s